what is -108b8 + 5?
-108b3
In base 7, what is -63 - -3510?
3414
In base 9, what is 20111 - 27?
20073
In base 12, what is -1329 - -28?
-1301
In base 2, what is -1010100011 + 100000?
-1010000011
In base 11, what is -11 - 1365?
-1376
In base 11, what is -2 - 3a859?
-3a860
In base 2, what is 1100111101010000 + -1010?
1100111101000110
In base 6, what is -34044102 - 4?
-34044110
In base 10, what is -14 + -2805?
-2819
In base 14, what is b63d + -9?
b634
In base 5, what is 10 - -223301120?
223301130
In base 12, what is 749 - 875?
-128
In base 5, what is 4133 - 3411?
222
In base 7, what is -131 - -1443?
1312
In base 15, what is 728 - -597?
cc0
In base 5, what is 3 + -1341144?
-1341141
In base 16, what is -4 - -1c?
18
In base 2, what is 1111100 - 10110010?
-110110
In base 4, what is -2 - 3333333?
-10000001
In base 10, what is -1113 + 9?
-1104
In base 7, what is -6201 - -11?
-6160
In base 16, what is 1517 + -b?
150c
In base 7, what is -202 + 244?
42
In base 7, what is 1321 + -3465?
-2144
In base 8, what is 26 + 612511?
612537
In base 2, what is -1101010 - 11010100100?
-11100001110
In base 9, what is -856 + 4?
-852
In base 6, what is -1335021 + -43?
-1335104
In base 14, what is -4 - 37410?
-37414
In base 7, what is 2411665 + 4?
2412002
In base 16, what is -31ee2 + 17?
-31ecb
In base 12, what is -132 + 9b?
-53
In base 16, what is -d4e83 - -3?
-d4e80
In base 13, what is 3781 + 0?
3781
In base 4, what is -2030 + -2001?
-10031
In base 16, what is -5 - -36ee?
36e9
In base 14, what is c02 - -10?
c12
In base 13, what is -2885 - 11?
-2896
In base 11, what is 39792 - 3?
3978a
In base 10, what is 64 - 1105?
-1041
In base 4, what is 31 - 313113112?
-313113021
In base 6, what is -4325 + -1341?
-10110
In base 3, what is -1101 + 21111?
20010
In base 11, what is -a0a80 + -2?
-a0a82
In base 8, what is 6722 - 44?
6656
In base 9, what is 2404 - 40?
2354
In base 10, what is -5 - 2338?
-2343
In base 4, what is 10313 - 1303123?
-1232210
In base 15, what is -5 + -131?
-136
In base 5, what is 1200144 + 11?
1200210
In base 7, what is 4115 + 1206?
5324
In base 2, what is -11010 + 100110000111110?
100110000100100
In base 15, what is 124a - 6?
1244
In base 12, what is 16b - -83b6?
8565
In base 2, what is 101011010001 - 1010?
101011000111
In base 11, what is -1 - -44705?
44704
In base 13, what is -1a + -24bb?
-2508
In base 14, what is 803 + 1?
804
In base 13, what is -5b266 - 1?
-5b267
In base 12, what is -4a5a48b - -2?
-4a5a489
In base 11, what is -1842 - 25?
-1867
In base 15, what is 13 + -101e?
-100b
In base 2, what is 1110 - 1100101001010?
-1100100111100
In base 3, what is 11 - -1112201222022?
1112201222110
In base 4, what is 1102 - -22322?
30030
In base 5, what is 320244 - 1114?
314130
In base 7, what is 205 - -2103?
2311
In base 7, what is -23020143 + 0?
-23020143
In base 15, what is 1c - -195e?
197b
In base 10, what is -2020 - 22?
-2042
In base 6, what is -2 - -115451?
115445
In base 15, what is -1d4a - a?
-1d55
In base 9, what is 1 - -6248?
6250
In base 7, what is 13 - -11646?
11662
In base 9, what is 0 - -30271?
30271
In base 15, what is 5 - 9eb?
-9e6
In base 10, what is -10068 - -76?
-9992
In base 16, what is -23 + 1853?
1830
In base 6, what is -34 - -22311?
22233
In base 9, what is -5252 + 0?
-5252
In base 7, what is 35326 - 161?
35135
In base 8, what is -62 + 1364?
1302
In base 11, what is 12928 - -5?
12932
In base 12, what is 3378 + -7?
3371
In base 8, what is 4 + 245161?
245165
In base 13, what is -b + 216c?
2161
In base 16, what is 14c + 45?
191
In base 16, what is 155b + 232?
178d
In base 4, what is 110301031 - 0?
110301031
In base 6, what is -5311332 - -5?
-5311323
In base 2, what is -1011101011001100100 - -10?
-1011101011001100010
In base 3, what is 202211 + 12001?
221212
In base 6, what is 1254203 - -5?
1254212
In base 3, what is 2021 + -211222120?
-211220022
In base 5, what is 20001432 - 104?
20001323
In base 5, what is 1130 - -2043?
3223
In base 15, what is 2 - b9722?
-b9720
In base 9, what is 3 - -1428060?
1428063
In base 8, what is 3356 + -674?
2462
In base 9, what is 230888 - -2?
231001
In base 4, what is -2 - -2332230311?
2332230303
In base 5, what is -10 + -42133302?
-42133312
In base 6, what is 5 - -5510303?
5510312
In base 12, what is -15717 - 1?
-15718
In base 3, what is 1211 + -20111?
-11200
In base 9, what is 148407 - 22?
148375
In base 15, what is 6 - 6368?
-6362
In base 6, what is 1420034 - 4?
1420030
In base 13, what is 53c + 133c?
187b
In base 5, what is -130110233 - 11?
-130110244
In base 9, what is -38446 - 1?
-38447
In base 2, what is -1110101 - -1011101010?
1001110101
In base 14, what is -b - 1cd30?
-1cd3b
In base 8, what is -73 + -15323?
-15416
In base 8, what is -36 + 7450?
7412
In base 16, what is 1dd3d - -2?
1dd3f
In base 7, what is 3 + 366?
402
In base 12, what is 7a3 + -68?
737
In base 10, what is 12 - 13088?
-13076
In base 15, what is -1c7d8 + -5?
-1c7dd
In base 8, what is -5 - -42131?
42124
In base 12, what is 4724 + -5?
471b
In base 9, what is -725768 - 10?
-725778
In base 15, what is -3 + 34d87?
34d84
In base 7, what is 11 - 2036600?
-2036556
In base 13, what is 1159 - 22?
1137
In base 9, what is -5 + 8518?
8513
In base 7, what is -2055256 - -3?
-2055253
In base 14, what is -36c8 + 7?
-36c1
In base 3, what is -1000202 + 20120020?
12112111
In base 4, what is 13132301220 - -11?
13132301231
In base 9, what is 0 - -130005?
130005
In base 16, what is -b - 12dc8?
-12dd3
In base 6, what is -151 - -3313?
3122
In base 14, what is -4166 + c?
-4158
In base 8, what is 236031 - 4?
236025
In base 10, what is 611 + -384?
227
In base 11, what is -4 - 18301?
-18305
In base 2, what is 111000111001000010 + -1100?
111000111000110110
In base 6, what is -4110151 - 3?
-4110154
In base 16, what is 4 - 38f3?
-38ef
In base 7, what is 1412 + 155?
1600
In base 15, what is 0 - 3b79?
-3b79
In base 6, what is 23255 - -23?
23322
In base 2, what is 1 - 1011001101100101110?
-1011001101100101101
In base 14, what is 50832 + 1?
50833
In base 3, what is -221012202 + 22?
-221012110
In base 3, what is -2 + -1101002022?
-1101002101
In base 13, what is 3 - -978?
97b
In base 8, what is 421 - -2620?
3241
In base 12, what is -9a932 - 4?
-9a936
In base 3, what is -1 - -1101100200?
1101100122
In base 3, what is 2100000012 + 2?
2100000021
In base 10, what is -21 - -41931?
41910
In base 15, what is -325 + 15b?
-1b9
In base 6, what is -222 - 1152?
-1414
In base 7, what is 0 + -26603?
-26603
In base 8, what is -5 - -34462?
34455
In base 2, what is -1000111111 + 1001101?
-111110010
In base 10, what is 865 + -2679?
-1814
In base 3, what is 11 + -202210011?
-202210000
In base 5, what is 413010 - 121?
412334
In base 8, what is 113130 - -5?
113135
In base 5, what is 24 + 113244?
113323
In base 5, what is 4442 - -120?
10112
In base 7, what is 241645 + -4?
241641
In base 7, what is -45 + 11364?
11316
In base 6, what is 2054 + 100453?
102551
In base 3, what is -12 + -2210002211?
-2210010000
In base 3, what is -201020 + 2002?
-122011
In base 14, what is -4 + 2204?
2200
In base 9, what is 4 - 417388?
-417384
In base 7, what is -142566 + -2?
-142601
In base 10, what is 1265 + -507?
758
In base 5, what is -31223242 - 0?
-31223242
In base 4, what is 30021 - 11?
30010
In base 15, what is 2 + -a962?
-a960
In base 9, what is -1 - -412844?
412843
In base 11, what is 4 - -2332?
2336
In base 15, what is -486e + -b?
-487a
In base 3, what is 102110 + -100?
102010
In base 6, what is -42 + -5111355?
-5111441
In base 8, what is -61723 - 1?
-61724
In base 7, what is -524635 + -10?
-524645
In base 12, what is -308 - 1bb?
-507
In base 16, what is -60d1 - -3?
-60ce
In base 3, what is 102110201110 + 1?
102110201111
In base 10, what is 27747 + -3?
27744
In base 7, what is -100 + 62064?
61664
In base 13, what is 296b - a?
2961
In base 6, what is -312 + -103?
-415
In base 4, what is 201021331 + -2?
201021323
In base 8, what is 0 - 233513?
-233513
In base 5, what is -43304213 - 10?
-43304223
In base 14, what is -4159 + 63?
-40d6
In base 14, what is -1a - 961?
-97b
In base 10, what is -4 + -21440?
-21444
In base 3, what is -10 + 1002220011?
1002220001
In base 16, what is 5 - 3a7?
-3a2
In base 15, what is -b04 + 4?
-b00
In base 9, what is 32238 + -45?
32183
In base 5, what is -10104131 - -12?
-10104114
In base 6, 